, 3, 1409, 5801
What are the prime factors of 79029440?
2, 5, 7, 35281
List the prime factors of 63668230.
2, 5, 17, 607, 617
List the prime factors of 678463123.
13, 53, 984707
List the prime factors of 44551502.
2, 41, 543311
List the prime factors of 1300816437.
3, 19, 37, 616793
List the prime factors of 248634869.
7, 347, 2089
What are the prime factors of 123826399?
353, 350783
What are the prime factors of 253891644?
2, 3, 4289, 4933
What are the prime factors of 278043298?
2, 13, 89, 120157
What are the prime factors of 620898218?
2, 310449109
List the prime factors of 1190257297.
1190257297
What are the prime factors of 926382062?
2, 109, 4249459
List the prime factors of 66017803.
66017803
List the prime factors of 1495209918.
2, 3, 31, 61, 131783
List the prime factors of 393126397.
19, 1709, 12107
List the prime factors of 70123485.
3, 5, 4674899
What are the prime factors of 777409974?
2, 3, 11, 48473
What are the prime factors of 2321486657?
7, 11593, 28607
List the prime factors of 3086402445.
3, 5, 7, 17, 137, 601
What are the prime factors of 153335278?
2, 76667639
List the prime factors of 3831601641.
3, 7, 7013, 26017
What are the prime factors of 17865057?
3, 7, 121531
List the prime factors of 2059122138.
2, 3, 3847, 89209
List the prime factors of 146044020.
2, 3, 5, 23, 105829
List the prime factors of 311400166.
2, 7, 11, 41, 149, 331
List the prime factors of 70829577.
3, 7, 13, 197, 439
What are the prime factors of 219558635?
5, 43911727
List the prime factors of 83499803.
199, 419597
What are the prime factors of 196824535?
5, 39364907
What are the prime factors of 3614340555?
3, 5, 7, 71, 103, 523
List the prime factors of 47748056.
2, 37, 97, 1663
What are the prime factors of 31181100?
2, 3, 5, 23, 4519
List the prime factors of 2437320025.
5, 7, 349, 5701
List the prime factors of 268473046.
2, 134236523
List the prime factors of 51785537.
313, 165449
List the prime factors of 37528972.
2, 13, 31, 751
What are the prime factors of 42722645?
5, 7, 457, 2671
What are the prime factors of 2836169889?
3, 7, 135055709
What are the prime factors of 72065637?
3, 7, 53, 113, 191
List the prime factors of 60812394.
2, 3, 10135399
List the prime factors of 619947649.
619947649
What are the prime factors of 46731808?
2, 1460369
List the prime factors of 91568952.
2, 3, 1271791
What are the prime factors of 1528094652?
2, 3, 7, 61, 298223
What are the prime factors of 1505501675?
5, 60220067
What are the prime factors of 1332869226?
2, 3, 13, 71, 240677
List the prime factors of 1272172572.
2, 3, 11, 109, 29473
List the prime factors of 2480400441.
3, 3607, 25469
What are the prime factors of 36548056?
2, 41, 111427
What are the prime factors of 44189255?
5, 11, 803441
What are the prime factors of 180015310?
2, 5, 19, 947449
List the prime factors of 137035685.
5, 359, 76343
List the prime factors of 337018134.
2, 3, 56169689
What are the prime factors of 54723371?
23, 2379277
List the prime factors of 607343104.
2, 1186217
List the prime factors of 231653835.
3, 5, 7, 47, 15647
What are the prime factors of 121482537?
3, 11, 29, 61, 2081
List the prime factors of 142728289.
11, 3181, 4079
What are the prime factors of 1334049881?
157, 8497133
What are the prime factors of 148439969?
421, 352589
What are the prime factors of 7077188718?
2, 3, 393177151
List the prime factors of 9441974.
2, 19, 248473
What are the prime factors of 1017088927?
41, 24807047
What are the prime factors of 7033239244?
2, 61, 28824751
List the prime factors of 1703862947.
59, 269, 107357
What are the prime factors of 5800086604?
2, 13, 19, 5870533
List the prime factors of 394195926.
2, 3, 19, 3457859
List the prime factors of 45738146.
2, 83, 275531
List the prime factors of 8445688.
2, 859, 1229
What are the prime factors of 35110170?
2, 3, 5, 390113
What are the prime factors of 45748901?
11, 31, 134161
What are the prime factors of 99765577?
99765577
List the prime factors of 243006115.
5, 11, 43, 9341
List the prime factors of 87222887.
87222887
List the prime factors of 1797968365.
5, 17, 21152569
List the prime factors of 477350924.
2, 23, 1931, 2687
List the prime factors of 36020140.
2, 5, 13, 31, 41, 109
List the prime factors of 63299631.
3, 227, 92951
What are the prime factors of 1090300318?
2, 31, 17585489
What are the prime factors of 283133887?
23, 43, 353, 811
List the prime factors of 383679091.
383679091
What are the prime factors of 131137495?
5, 61, 89, 4831
List the prime factors of 83247536.
2, 5202971
What are the prime factors of 3248842246?
2, 13, 3271, 38201
What are the prime factors of 51216644?
2, 83, 154267
List the prime factors of 607021223.
37, 647, 25357
List the prime factors of 206129.
7, 11, 2677
What are the prime factors of 20282400?
2, 3, 5, 313
List the prime factors of 79231571.
101, 784471
List the prime factors of 23676702.
2, 3, 7, 29, 2777
List the prime factors of 8272392.
2, 3, 344683
What are the prime factors of 511625728?
2, 999269
List the prime factors of 6234747949.
6234747949
List the prime factors of 277694076.
2, 3, 11, 2103743
List the prime factors of 1096297387.
233, 4705139
List the prime factors of 3672500863.
73, 50308231
List the prime factors of 1733299634.
2, 11, 17, 107, 43313
What are the prime factors of 919630802?
2, 367, 1252903
What are the prime factors of 2417265?
3, 5, 53717
What are the prime factors of 311831906?
2, 12391, 12583
What are the prime factors of 718499410?
2, 5, 71, 181, 5591
List the prime factors of 189230386.
2, 19, 31, 160637
What are the prime factors of 157724019?
3, 73, 431, 557
What are the prime factors of 1038226709?
13, 19, 29, 193, 751
List the prime factors of 210835939.
1549, 136111
List the prime factors of 52616465.
5, 11, 61, 15683
List the prime factors of 54890091.
3, 6098899
What are the prime factors of 70444039?
17, 19, 12829
List the prime factors of 994391267.
47, 191, 110771
What are the prime factors of 11800388?
2, 79, 107, 349
List the prime factors of 118054816.
2, 11, 335383
List the prime factors of 386472275.
5, 7, 2208413
What are the prime factors of 54901734?
2, 3, 47, 194687
List the prime factors of 229141007.
19, 12060053
What are the prime factors of 8100284630?
2, 5, 19, 42633077
List the prime factors of 289146579.
3, 19, 31, 163637
What are the prime factors of 40004535?
3, 5, 2666969
List the prime factors of 18705032.
2, 17, 137537
What are the prime factors of 426551779?
426551779
List the prime factors of 5391840285.
3, 5, 13, 1949, 4729
What are the prime factors of 15066235?
5, 433, 6959
What are the prime factors of 59396506?
2, 13, 2284481
List the prime factors of 1422483228.
2, 3, 17, 774773
List the prime factors of 31672351.
3847, 8233
List the prime factors of 85438240.
2, 5, 533989
What are the prime factors of 1916230009?
19, 1291, 78121
What are the prime factors of 2959031921?
83, 35650987
What are the prime factors of 4350827?
13, 17, 19687
List the prime factors of 44474563.
7, 149, 42641
List the prime factors of 51601642.
2, 4513, 5717
List the prime factors of 45564782.
2, 22782391
List the prime factors of 1387951771.
1387951771
List the prime factors of 2594637130.
2, 5, 23, 11281031
What are the prime factors of 512340750?
2, 3, 5, 227707
List the prime factors of 2584161641.
3089, 836569
What are the prime factors of 14775232?
2, 230863
What are the prime factors of 4411526674?
2, 2205763337
List the prime factors of 2478851088.
2, 3, 7, 7377533
List the prime factors of 9281609.
17, 727, 751
List the prime factors of 1694650801.
37, 641, 71453
What are the prime factors of 2312111986?
2, 10903, 106031
What are the prime factors of 950068225?
5, 38002729
List the prime factors of 38061375.
3, 5, 11, 9227
What are the prime factors of 43210154?
2, 13, 37, 44917
List the prime factors of 87020724.
2, 3, 7, 71, 14591
What are the prime factors of 8227483?
11, 747953
What are the prime factors of 23640112?
2, 1477507
What are the prime factors of 527459844?
2, 3, 43, 1022209
List the prime factors of 96701.
11, 59, 149
List the prime factors of 187094896.
2, 2287, 5113
List the prime factors of 2492056.
2, 7, 44501
List the prime factors of 37658230.
2, 5, 17, 37, 5987
List the prime facto